{"id":545,"date":"2024-02-04T21:57:31","date_gmt":"2024-02-04T20:57:31","guid":{"rendered":"https:\/\/immocleanexperts.com\/?page_id=545"},"modified":"2024-05-30T15:19:33","modified_gmt":"2024-05-30T13:19:33","slug":"nos-services-2","status":"publish","type":"page","link":"https:\/\/immocleanexperts.com\/index.php\/nos-services-2\/","title":{"rendered":"Nos services"},"content":{"rendered":"\t\t<div data-elementor-type=\"wp-page\" data-elementor-id=\"545\" class=\"elementor elementor-545\">\n\t\t\t\t\t\t\t<div class=\"elementor-element elementor-element-57c2a49 e-flex e-con-boxed elementor-invisible e-con e-parent\" data-id=\"57c2a49\" data-element_type=\"container\" data-settings=\"{&quot;animation&quot;:&quot;fadeInLeft&quot;,&quot;content_width&quot;:&quot;boxed&quot;}\" data-core-v316-plus=\"true\">\n\t\t\t\t\t<div class=\"e-con-inner\">\n\t\t\t\t<div class=\"elementor-element elementor-element-ba74ab4 elementor-invisible elementor-widget elementor-widget-heading\" data-id=\"ba74ab4\" data-element_type=\"widget\" data-settings=\"{&quot;_animation&quot;:&quot;fadeInLeft&quot;}\" data-widget_type=\"heading.default\">\n\t\t\t\t<div class=\"elementor-widget-container\">\n\t\t\t<style>\/*! elementor - v3.18.0 - 20-12-2023 *\/\n.elementor-heading-title{padding:0;margin:0;line-height:1}.elementor-widget-heading .elementor-heading-title[class*=elementor-size-]>a{color:inherit;font-size:inherit;line-height:inherit}.elementor-widget-heading .elementor-heading-title.elementor-size-small{font-size:15px}.elementor-widget-heading .elementor-heading-title.elementor-size-medium{font-size:19px}.elementor-widget-heading .elementor-heading-title.elementor-size-large{font-size:29px}.elementor-widget-heading .elementor-heading-title.elementor-size-xl{font-size:39px}.elementor-widget-heading .elementor-heading-title.elementor-size-xxl{font-size:59px}<\/style><h2 class=\"elementor-heading-title elementor-size-default\">Vous \u00eates une copropri\u00e9t\u00e9...<\/h2>\t\t<\/div>\n\t\t\t\t<\/div>\n\t\t\t\t\t<\/div>\n\t\t\t\t<\/div>\n\t\t<div class=\"elementor-element elementor-element-10b191f e-flex e-con-boxed elementor-invisible e-con e-parent\" data-id=\"10b191f\" data-element_type=\"container\" data-settings=\"{&quot;animation&quot;:&quot;fadeInLeft&quot;,&quot;content_width&quot;:&quot;boxed&quot;}\" data-core-v316-plus=\"true\">\n\t\t\t\t\t<div class=\"e-con-inner\">\n\t\t<div class=\"elementor-element elementor-element-fa1cee8 e-con-full e-flex e-con e-child\" data-id=\"fa1cee8\" data-element_type=\"container\" data-settings=\"{&quot;content_width&quot;:&quot;full&quot;}\">\n\t\t\t\t<div class=\"elementor-element elementor-element-a2cdcdb elementor-widget elementor-widget-text-editor\" data-id=\"a2cdcdb\" data-element_type=\"widget\" data-widget_type=\"text-editor.default\">\n\t\t\t\t<div class=\"elementor-widget-container\">\n\t\t\t<style>\/*! elementor - v3.18.0 - 20-12-2023 *\/\n.elementor-widget-text-editor.elementor-drop-cap-view-stacked .elementor-drop-cap{background-color:#69727d;color:#fff}.elementor-widget-text-editor.elementor-drop-cap-view-framed .elementor-drop-cap{color:#69727d;border:3px solid;background-color:transparent}.elementor-widget-text-editor:not(.elementor-drop-cap-view-default) .elementor-drop-cap{margin-top:8px}.elementor-widget-text-editor:not(.elementor-drop-cap-view-default) .elementor-drop-cap-letter{width:1em;height:1em}.elementor-widget-text-editor .elementor-drop-cap{float:left;text-align:center;line-height:1;font-size:50px}.elementor-widget-text-editor .elementor-drop-cap-letter{display:inline-block}<\/style>\t\t\t\t<p><span style=\"font-family: var( --e-global-typography-text-font-family ), Sans-serif; font-weight: var( --e-global-typography-text-font-weight ); background-color: var(--ast-global-color-5);\"><span style=\"font-size: 15px;\">Notre savoir-faire et notre \u00e9quipe d\u00e9vou\u00e9e, form\u00e9e aux derni\u00e8res innovations du secteur, s\u2019associent pour offrir \u00e0 vos copropri\u00e9t\u00e9s un service de nettoyage exceptionnel \u00e0 chaque intervention.<br \/><\/span><\/span><span style=\"font-style: inherit; font-family: var( --e-global-typography-text-font-family ), Sans-serif; background-color: var(--ast-global-color-5);\"><span style=\"font-size: 15px;\"><span style=\"font-weight: inherit;\">Gr\u00e2ce \u00e0 notre nouveau syst\u00e8me de gestion et nos innovations, nous sommes en mesure de vous proposer de faire\u00a0<\/span><b>10% \u00e0 15% d&#8217;\u00e9conomies<\/b><span style=\"font-weight: inherit;\">\u00a0compar\u00e9 \u00e0 vos contrats actuels. De plus, nos <\/span><b>contrats sont 100% flexibles et adaptables<\/b><span style=\"font-weight: inherit;\"> en fonction de vos besoins du moment. Vous pouvez <\/span><b>r\u00e9silier ou ajuster \u00e0 tout moment <\/b><span style=\"font-weight: inherit;\">si la prestation ne vous convient plus (on vous rassure tout de suite, vous n&#8217;y penserez m\u00eame pas !). Notre engagement envers une <strong>communication claire<\/strong> et une <strong>r\u00e9ponse rapide<\/strong> \u00e0 vos besoins fait partie de nos valeurs.<\/span><\/span><\/span><span style=\"font-style: inherit; font-family: var( --e-global-typography-text-font-family ), Sans-serif; background-color: var(--ast-global-color-5);\"><span style=\"font-size: 15px;\"><br \/><\/span><\/span><span style=\"background-color: var(--ast-global-color-5); font-family: var( --e-global-typography-text-font-family ), Sans-serif; font-size: 15px; font-style: inherit; font-weight: inherit;\">Alors pour des parties communes \u00e9tincelantes, faites un devis en 5 minutes !<\/span><\/p>\t\t\t\t\t\t<\/div>\n\t\t\t\t<\/div>\n\t\t\t\t<div class=\"elementor-element elementor-element-49b51af elementor-align-center elementor-widget elementor-widget-button\" data-id=\"49b51af\" data-element_type=\"widget\" data-widget_type=\"button.default\">\n\t\t\t\t<div class=\"elementor-widget-container\">\n\t\t\t\t\t<div class=\"elementor-button-wrapper\">\n\t\t\t<a class=\"elementor-button elementor-button-link elementor-size-md\" href=\"https:\/\/docs.google.com\/forms\/d\/e\/1FAIpQLScwZu9BDsqVF2RWKWlkfHY3VIdUZi3Fo16ABgqR2yp_8-Aa2Q\/viewform?fbzx=7171981019520474934\" target=\"_blank\">\n\t\t\t\t\t\t<span class=\"elementor-button-content-wrapper\">\n\t\t\t\t\t\t<span class=\"elementor-button-text\">Je demande mon devis gratuitement en 5 minutes !<\/span>\n\t\t<\/span>\n\t\t\t\t\t<\/a>\n\t\t<\/div>\n\t\t\t\t<\/div>\n\t\t\t\t<\/div>\n\t\t\t\t<\/div>\n\t\t<div class=\"elementor-element elementor-element-65ae9f1 e-con-full e-flex e-con e-child\" data-id=\"65ae9f1\" data-element_type=\"container\" data-settings=\"{&quot;content_width&quot;:&quot;full&quot;}\">\n\t\t\t\t<div class=\"elementor-element elementor-element-66a6637 elementor-widget elementor-widget-image\" data-id=\"66a6637\" data-element_type=\"widget\" data-widget_type=\"image.default\">\n\t\t\t\t<div class=\"elementor-widget-container\">\n\t\t\t<style>\/*! elementor - v3.18.0 - 20-12-2023 *\/\n.elementor-widget-image{text-align:center}.elementor-widget-image a{display:inline-block}.elementor-widget-image a img[src$=\".svg\"]{width:48px}.elementor-widget-image img{vertical-align:middle;display:inline-block}<\/style>\t\t\t\t\t\t\t\t\t\t\t\t<img fetchpriority=\"high\" decoding=\"async\" width=\"1000\" height=\"666\" src=\"https:\/\/immocleanexperts.com\/wp-content\/uploads\/2024\/03\/Interieur-copro.jpeg\" class=\"attachment-large size-large wp-image-583\" alt=\"\" srcset=\"https:\/\/immocleanexperts.com\/wp-content\/uploads\/2024\/03\/Interieur-copro.jpeg 1000w, https:\/\/immocleanexperts.com\/wp-content\/uploads\/2024\/03\/Interieur-copro-300x200.jpeg 300w, https:\/\/immocleanexperts.com\/wp-content\/uploads\/2024\/03\/Interieur-copro-768x511.jpeg 768w\" sizes=\"(max-width: 1000px) 100vw, 1000px\" \/>\t\t\t\t\t\t\t\t\t\t\t\t\t\t\t<\/div>\n\t\t\t\t<\/div>\n\t\t\t\t<\/div>\n\t\t\t\t\t<\/div>\n\t\t\t\t<\/div>\n\t\t<div class=\"elementor-element elementor-element-d3b6df7 e-flex e-con-boxed elementor-invisible e-con e-parent\" data-id=\"d3b6df7\" data-element_type=\"container\" data-settings=\"{&quot;animation&quot;:&quot;fadeInRight&quot;,&quot;content_width&quot;:&quot;boxed&quot;}\" data-core-v316-plus=\"true\">\n\t\t\t\t\t<div class=\"e-con-inner\">\n\t\t\t\t<div class=\"elementor-element elementor-element-5e4e651 elementor-invisible elementor-widget elementor-widget-heading\" data-id=\"5e4e651\" data-element_type=\"widget\" data-settings=\"{&quot;_animation&quot;:&quot;fadeInDown&quot;}\" data-widget_type=\"heading.default\">\n\t\t\t\t<div class=\"elementor-widget-container\">\n\t\t\t<h2 class=\"elementor-heading-title elementor-size-default\">... Un cabinet m\u00e9dical<\/h2>\t\t<\/div>\n\t\t\t\t<\/div>\n\t\t\t\t\t<\/div>\n\t\t\t\t<\/div>\n\t\t<div class=\"elementor-element elementor-element-1cc4676 e-flex e-con-boxed elementor-invisible e-con e-parent\" data-id=\"1cc4676\" data-element_type=\"container\" data-settings=\"{&quot;animation&quot;:&quot;fadeInRight&quot;,&quot;content_width&quot;:&quot;boxed&quot;}\" data-core-v316-plus=\"true\">\n\t\t\t\t\t<div class=\"e-con-inner\">\n\t\t<div class=\"elementor-element elementor-element-d23d7c3 e-con-full e-flex e-con e-child\" data-id=\"d23d7c3\" data-element_type=\"container\" data-settings=\"{&quot;content_width&quot;:&quot;full&quot;}\">\n\t\t\t\t<div class=\"elementor-element elementor-element-d0b9506 elementor-widget elementor-widget-image\" data-id=\"d0b9506\" data-element_type=\"widget\" data-widget_type=\"image.default\">\n\t\t\t\t<div class=\"elementor-widget-container\">\n\t\t\t\t\t\t\t\t\t\t\t\t\t\t\t<img decoding=\"async\" width=\"1024\" height=\"683\" src=\"https:\/\/immocleanexperts.com\/wp-content\/uploads\/2024\/03\/Interieur-cabinet-medicaux-1024x683.jpeg\" class=\"attachment-large size-large wp-image-584\" alt=\"\" srcset=\"https:\/\/immocleanexperts.com\/wp-content\/uploads\/2024\/03\/Interieur-cabinet-medicaux-1024x683.jpeg 1024w, https:\/\/immocleanexperts.com\/wp-content\/uploads\/2024\/03\/Interieur-cabinet-medicaux-300x200.jpeg 300w, https:\/\/immocleanexperts.com\/wp-content\/uploads\/2024\/03\/Interieur-cabinet-medicaux-768x512.jpeg 768w, https:\/\/immocleanexperts.com\/wp-content\/uploads\/2024\/03\/Interieur-cabinet-medicaux-1536x1024.jpeg 1536w, https:\/\/immocleanexperts.com\/wp-content\/uploads\/2024\/03\/Interieur-cabinet-medicaux.jpeg 1800w\" sizes=\"(max-width: 1024px) 100vw, 1024px\" \/>\t\t\t\t\t\t\t\t\t\t\t\t\t\t\t<\/div>\n\t\t\t\t<\/div>\n\t\t\t\t<\/div>\n\t\t<div class=\"elementor-element elementor-element-01252b9 e-con-full e-flex e-con e-child\" data-id=\"01252b9\" data-element_type=\"container\" data-settings=\"{&quot;content_width&quot;:&quot;full&quot;}\">\n\t\t\t\t<div class=\"elementor-element elementor-element-aa75be3 elementor-widget elementor-widget-text-editor\" data-id=\"aa75be3\" data-element_type=\"widget\" data-widget_type=\"text-editor.default\">\n\t\t\t\t<div class=\"elementor-widget-container\">\n\t\t\t\t\t\t\t<p><span style=\"font-family: var( --e-global-typography-text-font-family ), Sans-serif; background-color: var(--ast-global-color-5);\"><span style=\"font-size: 15px;\"><span style=\"font-weight: var( --e-global-typography-text-font-weight );\">Notre savoir-faire ne s&#8217;arr\u00eate pas aux services pour les copropri\u00e9t\u00e9s. Suite \u00e0 une forte demande, nous avons d\u00e9cid\u00e9 de proposer nos prestations aux cabinets m\u00e9dicaux \u00e9galement.<\/span><span style=\"font-weight: var( --e-global-typography-text-font-weight );\">\u00a0<\/span><br \/><span style=\"font-weight: var( --e-global-typography-text-font-weight );\">Apr\u00e8s des mois de travail afin de cr\u00e9er une offre adapt\u00e9e aux standards d&#8217;un \u00e9tablissement recevant des patients.\u00a0<\/span><\/span><\/span><span style=\"font-family: var( --e-global-typography-text-font-family ), Sans-serif; font-weight: var( --e-global-typography-text-font-weight ); background-color: var(--ast-global-color-5); font-size: 15px;\">Et comme une bonne nouvelle n&#8217;arrive jamais seule, vous b\u00e9n\u00e9ficierez d&#8217;une\u00a0<\/span><span style=\"font-family: var( --e-global-typography-text-font-family ), Sans-serif; background-color: var(--ast-global-color-5); font-weight: bold; font-size: 15px;\">flexibilit\u00e9 totale\u00a0<\/span><span style=\"font-family: var( --e-global-typography-text-font-family ), Sans-serif; font-weight: var( --e-global-typography-text-font-weight ); background-color: var(--ast-global-color-5); font-size: 15px;\">sur vos contrats et d&#8217;un\u00a0<\/span><span style=\"font-family: var( --e-global-typography-text-font-family ), Sans-serif; background-color: var(--ast-global-color-5); font-weight: bold; font-size: 15px;\">service client personnalis\u00e9<\/span><span style=\"font-family: var( --e-global-typography-text-font-family ), Sans-serif; font-weight: var( --e-global-typography-text-font-weight ); background-color: var(--ast-global-color-5); font-size: 15px;\">\u00a0.<br \/><\/span><span style=\"font-weight: var( --e-global-typography-text-font-weight ); font-size: 15px; background-color: var(--ast-global-color-5); font-family: var( --e-global-typography-text-font-family ), Sans-serif; font-style: inherit;\">Vous pouvez d\u00e8s \u00e0 pr\u00e9sent nous contacter afin d&#8217;obtenir un devis gratuitement en moins de 5 minutes !<\/span><\/p>\t\t\t\t\t\t<\/div>\n\t\t\t\t<\/div>\n\t\t\t\t<div class=\"elementor-element elementor-element-01b2809 elementor-align-center elementor-widget elementor-widget-button\" data-id=\"01b2809\" data-element_type=\"widget\" data-widget_type=\"button.default\">\n\t\t\t\t<div class=\"elementor-widget-container\">\n\t\t\t\t\t<div class=\"elementor-button-wrapper\">\n\t\t\t<a class=\"elementor-button elementor-button-link elementor-size-md\" href=\"https:\/\/docs.google.com\/forms\/d\/e\/1FAIpQLScwZu9BDsqVF2RWKWlkfHY3VIdUZi3Fo16ABgqR2yp_8-Aa2Q\/viewform?fbzx=7171981019520474934\" target=\"_blank\">\n\t\t\t\t\t\t<span class=\"elementor-button-content-wrapper\">\n\t\t\t\t\t\t<span class=\"elementor-button-text\">Je demande mon devis gratuitement en 5 minutes !<\/span>\n\t\t<\/span>\n\t\t\t\t\t<\/a>\n\t\t<\/div>\n\t\t\t\t<\/div>\n\t\t\t\t<\/div>\n\t\t\t\t<\/div>\n\t\t\t\t\t<\/div>\n\t\t\t\t<\/div>\n\t\t<div class=\"elementor-element elementor-element-4f5858a e-flex e-con-boxed elementor-invisible e-con e-parent\" data-id=\"4f5858a\" data-element_type=\"container\" data-settings=\"{&quot;animation&quot;:&quot;fadeInLeft&quot;,&quot;content_width&quot;:&quot;boxed&quot;}\" data-core-v316-plus=\"true\">\n\t\t\t\t\t<div class=\"e-con-inner\">\n\t\t\t\t<div class=\"elementor-element elementor-element-2a427ee elementor-widget elementor-widget-heading\" data-id=\"2a427ee\" data-element_type=\"widget\" data-widget_type=\"heading.default\">\n\t\t\t\t<div class=\"elementor-widget-container\">\n\t\t\t<h2 class=\"elementor-heading-title elementor-size-default\">Ou autre !<\/h2>\t\t<\/div>\n\t\t\t\t<\/div>\n\t\t\t\t\t<\/div>\n\t\t\t\t<\/div>\n\t\t<div class=\"elementor-element elementor-element-e02b6fc e-flex e-con-boxed elementor-invisible e-con e-parent\" data-id=\"e02b6fc\" data-element_type=\"container\" data-settings=\"{&quot;animation&quot;:&quot;fadeInLeft&quot;,&quot;content_width&quot;:&quot;boxed&quot;}\" data-core-v316-plus=\"true\">\n\t\t\t\t\t<div class=\"e-con-inner\">\n\t\t<div class=\"elementor-element elementor-element-28882d7 e-con-full e-flex e-con e-child\" data-id=\"28882d7\" data-element_type=\"container\" data-settings=\"{&quot;content_width&quot;:&quot;full&quot;}\">\n\t\t\t\t<div class=\"elementor-element elementor-element-a55b76d elementor-widget elementor-widget-heading\" data-id=\"a55b76d\" data-element_type=\"widget\" data-widget_type=\"heading.default\">\n\t\t\t\t<div class=\"elementor-widget-container\">\n\t\t\t<h2 class=\"elementor-heading-title elementor-size-large\">Service personnalis\u00e9<\/h2>\t\t<\/div>\n\t\t\t\t<\/div>\n\t\t\t\t<div class=\"elementor-element elementor-element-f9a1660 elementor-widget elementor-widget-text-editor\" data-id=\"f9a1660\" data-element_type=\"widget\" data-widget_type=\"text-editor.default\">\n\t\t\t\t<div class=\"elementor-widget-container\">\n\t\t\t\t\t\t\t<p><span style=\"font-family: var( --e-global-typography-text-font-family ), Sans-serif; background-color: var(--ast-global-color-5); font-size: 14px; text-align: justify; font-weight: bold;\">Immo Clean Experts<\/span><span style=\"font-family: var( --e-global-typography-text-font-family ), Sans-serif; font-weight: var( --e-global-typography-text-font-weight ); background-color: var(--ast-global-color-5); font-size: 14px; text-align: justify;\">\u00a0incarne le\u00a0<\/span><span style=\"font-family: var( --e-global-typography-text-font-family ), Sans-serif; background-color: var(--ast-global-color-5); font-size: 14px; text-align: justify; font-weight: bold;\">professionnalisme\u00a0<\/span><span style=\"font-family: var( --e-global-typography-text-font-family ), Sans-serif; font-weight: var( --e-global-typography-text-font-weight ); background-color: var(--ast-global-color-5); text-align: justify;\"><span style=\"font-size: 14px;\">dans le domaine du nettoyage.<br \/><\/span><\/span><span style=\"text-align: justify; font-size: 14px;\">Ainsi, a<\/span><span style=\"font-size: 15px; text-align: justify;\">fin de satisfaire les exigences et les demandes particuli\u00e8res de nos clients, nous avons d\u00e9cid\u00e9 d&#8217;\u00e9toffer notre offre en proposant des <b>prestations \u00e0 la carte<\/b>. Nous pouvons totalement <b>personnaliser nos prestations<\/b> et les <b>adapter \u00e0 vos besoins sp\u00e9cifiques<\/b>. Deux avantages :<br \/>&#8211; Vous ne payez uniquement ce dont vous avez besoin.\u00a0<br \/>&#8211; Vous faites des \u00e9conomies ! En personnalisant la prestation, nous r\u00e9pondrons exactement \u00e0 vos demandes ! Aucun surco\u00fbt n&#8217;est g\u00e9n\u00e9r\u00e9 !<br \/><\/span><span style=\"font-style: inherit; font-weight: inherit; font-family: var( --e-global-typography-text-font-family ), Sans-serif; background-color: var(--ast-global-color-5); font-size: 15px; text-align: justify;\">De plus, l<\/span><span style=\"font-style: inherit; font-weight: var( --e-global-typography-text-font-weight ); font-family: var( --e-global-typography-text-font-family ), Sans-serif; background-color: var(--ast-global-color-5); font-size: 14px; text-align: justify;\">a\u00a0<\/span><span style=\"font-style: inherit; font-family: var( --e-global-typography-text-font-family ), Sans-serif; background-color: var(--ast-global-color-5); font-size: 14px; text-align: justify; font-weight: bold;\">disponibilit\u00e9<\/span><span style=\"font-style: inherit; font-weight: var( --e-global-typography-text-font-weight ); font-family: var( --e-global-typography-text-font-family ), Sans-serif; background-color: var(--ast-global-color-5); font-size: 14px; text-align: justify;\">\u00a0et la\u00a0<\/span><span style=\"font-style: inherit; font-family: var( --e-global-typography-text-font-family ), Sans-serif; background-color: var(--ast-global-color-5); font-size: 14px; text-align: justify; font-weight: bold;\">flexibilit\u00e9<\/span><span style=\"font-style: inherit; font-weight: var( --e-global-typography-text-font-weight ); font-family: var( --e-global-typography-text-font-family ), Sans-serif; background-color: var(--ast-global-color-5); font-size: 14px; text-align: justify;\">\u00a0sont essentielles chez Immo Clean Experts. Nous offrons des horaires adapt\u00e9s pour minimiser les perturbations et assurer la propret\u00e9 de vos espaces de vie ou de travail.<\/span><\/p><p><span style=\"font-style: inherit; font-weight: var( --e-global-typography-text-font-weight ); font-family: var( --e-global-typography-text-font-family ), Sans-serif; background-color: var(--ast-global-color-5); font-size: 14px; text-align: justify;\">N&#8217;h\u00e9sitez plus et faites nous confiance ! Laissez nous vos coordonn\u00e9es et nous vous recontacterons dans les 24h pour faire le point sur vos besoins et vous proposer la prestation dont vous avez besoin.<\/span><\/p>\t\t\t\t\t\t<\/div>\n\t\t\t\t<\/div>\n\t\t\t\t<div class=\"elementor-element elementor-element-001ffa5 elementor-align-center elementor-invisible elementor-widget elementor-widget-button\" data-id=\"001ffa5\" data-element_type=\"widget\" data-settings=\"{&quot;_animation&quot;:&quot;fadeInDown&quot;}\" data-widget_type=\"button.default\">\n\t\t\t\t<div class=\"elementor-widget-container\">\n\t\t\t\t\t<div class=\"elementor-button-wrapper\">\n\t\t\t<a class=\"elementor-button elementor-button-link elementor-size-lg\" href=\"mailto:immocleanexperts@gmail.com\">\n\t\t\t\t\t\t<span class=\"elementor-button-content-wrapper\">\n\t\t\t\t\t\t<span class=\"elementor-button-text\">Je veux \u00eatre rappel\u00e9 !<\/span>\n\t\t<\/span>\n\t\t\t\t\t<\/a>\n\t\t<\/div>\n\t\t\t\t<\/div>\n\t\t\t\t<\/div>\n\t\t\t\t<\/div>\n\t\t\t\t<div class=\"elementor-element elementor-element-39c16d0 elementor-widget elementor-widget-image\" data-id=\"39c16d0\" data-element_type=\"widget\" data-widget_type=\"image.default\">\n\t\t\t\t<div class=\"elementor-widget-container\">\n\t\t\t\t\t\t\t\t\t\t\t\t\t\t\t<img decoding=\"async\" width=\"768\" height=\"1024\" src=\"https:\/\/immocleanexperts.com\/wp-content\/uploads\/2024\/05\/WhatsApp-Image-2024-05-30-at-15.07.53-2-768x1024.jpeg\" class=\"attachment-large size-large wp-image-838\" alt=\"\" srcset=\"https:\/\/immocleanexperts.com\/wp-content\/uploads\/2024\/05\/WhatsApp-Image-2024-05-30-at-15.07.53-2-768x1024.jpeg 768w, https:\/\/immocleanexperts.com\/wp-content\/uploads\/2024\/05\/WhatsApp-Image-2024-05-30-at-15.07.53-2-225x300.jpeg 225w, https:\/\/immocleanexperts.com\/wp-content\/uploads\/2024\/05\/WhatsApp-Image-2024-05-30-at-15.07.53-2-1152x1536.jpeg 1152w, https:\/\/immocleanexperts.com\/wp-content\/uploads\/2024\/05\/WhatsApp-Image-2024-05-30-at-15.07.53-2.jpeg 1500w\" sizes=\"(max-width: 768px) 100vw, 768px\" \/>\t\t\t\t\t\t\t\t\t\t\t\t\t\t\t<\/div>\n\t\t\t\t<\/div>\n\t\t\t\t\t<\/div>\n\t\t\t\t<\/div>\n\t\t\t\t\t\t\t<\/div>\n\t\t","protected":false},"excerpt":{"rendered":"<p>Vous \u00eates une copropri\u00e9t\u00e9&#8230; Notre savoir-faire et notre \u00e9quipe d\u00e9vou\u00e9e, form\u00e9e aux derni\u00e8res innovations du secteur, s\u2019associent pour offrir \u00e0 vos copropri\u00e9t\u00e9s un service de nettoyage exceptionnel \u00e0 chaque intervention.Gr\u00e2ce \u00e0 notre nouveau syst\u00e8me de gestion et nos innovations, nous sommes en mesure de vous proposer de faire\u00a010% \u00e0 15% d&#8217;\u00e9conomies\u00a0compar\u00e9 \u00e0 vos contrats actuels. [&hellip;]<\/p>\n","protected":false},"author":1,"featured_media":0,"parent":0,"menu_order":0,"comment_status":"closed","ping_status":"closed","template":"","meta":{"site-sidebar-layout":"no-sidebar","site-content-layout":"","ast-site-content-layout":"full-width-container","site-content-style":"default","site-sidebar-style":"default","ast-global-header-display":"","ast-banner-title-visibility":"","ast-main-header-display":"","ast-hfb-above-header-display":"","ast-hfb-below-header-display":"","ast-hfb-mobile-header-display":"","site-post-title":"disabled","ast-breadcrumbs-content":"","ast-featured-img":"disabled","footer-sml-layout":"","theme-transparent-header-meta":"","adv-header-id-meta":"","stick-header-meta":"","header-above-stick-meta":"","header-main-stick-meta":"","header-below-stick-meta":"","astra-migrate-meta-layouts":"default","ast-page-background-enabled":"default","ast-page-background-meta":{"desktop":{"background-color":"var(--ast-global-color-4)","background-image":"","background-repeat":"repeat","background-position":"center center","background-size":"auto","background-attachment":"scroll","background-type":"","background-media":"","overlay-type":"","overlay-color":"","overlay-gradient":""},"tablet":{"background-color":"","background-image":"","background-repeat":"repeat","background-position":"center center","background-size":"auto","background-attachment":"scroll","background-type":"","background-media":"","overlay-type":"","overlay-color":"","overlay-gradient":""},"mobile":{"background-color":"","background-image":"","background-repeat":"repeat","background-position":"center center","background-size":"auto","background-attachment":"scroll","background-type":"","background-media":"","overlay-type":"","overlay-color":"","overlay-gradient":""}},"ast-content-background-meta":{"desktop":{"background-color":"var(--ast-global-color-5)","background-image":"","background-repeat":"repeat","background-position":"center center","background-size":"auto","background-attachment":"scroll","background-type":"","background-media":"","overlay-type":"","overlay-color":"","overlay-gradient":""},"tablet":{"background-color":"var(--ast-global-color-5)","background-image":"","background-repeat":"repeat","background-position":"center center","background-size":"auto","background-attachment":"scroll","background-type":"","background-media":"","overlay-type":"","overlay-color":"","overlay-gradient":""},"mobile":{"background-color":"var(--ast-global-color-5)","background-image":"","background-repeat":"repeat","background-position":"center center","background-size":"auto","background-attachment":"scroll","background-type":"","background-media":"","overlay-type":"","overlay-color":"","overlay-gradient":""}},"footnotes":""},"class_list":["post-545","page","type-page","status-publish","hentry"],"_links":{"self":[{"href":"https:\/\/immocleanexperts.com\/index.php\/wp-json\/wp\/v2\/pages\/545","targetHints":{"allow":["GET"]}}],"collection":[{"href":"https:\/\/immocleanexperts.com\/index.php\/wp-json\/wp\/v2\/pages"}],"about":[{"href":"https:\/\/immocleanexperts.com\/index.php\/wp-json\/wp\/v2\/types\/page"}],"author":[{"embeddable":true,"href":"https:\/\/immocleanexperts.com\/index.php\/wp-json\/wp\/v2\/users\/1"}],"replies":[{"embeddable":true,"href":"https:\/\/immocleanexperts.com\/index.php\/wp-json\/wp\/v2\/comments?post=545"}],"version-history":[{"count":40,"href":"https:\/\/immocleanexperts.com\/index.php\/wp-json\/wp\/v2\/pages\/545\/revisions"}],"predecessor-version":[{"id":842,"href":"https:\/\/immocleanexperts.com\/index.php\/wp-json\/wp\/v2\/pages\/545\/revisions\/842"}],"wp:attachment":[{"href":"https:\/\/immocleanexperts.com\/index.php\/wp-json\/wp\/v2\/media?parent=545"}],"curies":[{"name":"wp","href":"https:\/\/api.w.org\/{rel}","templated":true}]}}